s divided by 82.
78
What is the remainder when 406 is divided by 83?
74
Calculate the remainder when 116531 is divided by 468.
467
Calculate the remainder when 225 is divided by 35.
15
Calculate the remainder when 2724 is divided by 78.
72
Calculate the remainder when 71 is divided by 3.
2
What is the remainder when 237 is divided by 115?
7
What is the remainder when 1308 is divided by 218?
0
What is the remainder when 7753 is divided by 3868?
17
What is the remainder when 10 is divided by 7?
3
Calculate the remainder when 5634 is divided by 804.
6
Calculate the remainder when 284 is divided by 23.
8
Calculate the remainder when 6865 is divided by 10.
5
What is the remainder when 49 is divided by 28?
21
What is the remainder when 29734 is divided by 19?
18
Calculate the remainder when 323 is divided by 54.
53
What is the remainder when 127 is divided by 19?
13
What is the remainder when 1241 is divided by 1232?
9
Calculate the remainder when 437 is divided by 76.
57
Calculate the remainder when 1913 is divided by 87.
86
Calculate the remainder when 50 is divided by 26.
24
Calculate the remainder when 392 is divided by 33.
29
Calculate the remainder when 42 is divided by 5.
2
Calculate the remainder when 38798 is divided by 388.
386
Calculate the remainder when 228 is divided by 84.
60
What is the remainder when 2391 is divided by 32?
23
Calculate the remainder when 113 is divided by 57.
56
Calculate the remainder when 35 is divided by 10.
5
What is the remainder when 97 is divided by 21?
13
What is the remainder when 38 is divided by 15?
8
Calculate the remainder when 243 is divided by 61.
60
Calculate the remainder when 196 is divided by 13.
1
Calculate the remainder when 366 is divided by 48.
30
What is the remainder when 747 is divided by 156?
123
What is the remainder when 700 is divided by 32?
28
Calculate the remainder when 70 is divided by 13.
5
What is the remainder when 724 is divided by 246?
232
Calculate the remainder when 79 is divided by 19.
3
Calculate the remainder when 374 is divided by 12.
2
What is the remainder when 2146 is divided by 531?
22
What is the remainder when 772 is divided by 25?
22
What is the remainder when 710 is divided by 186?
152
Calculate the remainder when 277 is divided by 57.
49
What is the remainder when 468 is divided by 228?
12
What is the remainder when 695 is divided by 22?
13
Calculate the remainder when 1149 is divided by 289.
282
Calculate the remainder when 8770 is divided by 548.
2
Calculate the remainder when 178 is divided by 22.
2
What is the remainder when 35 is divided by 5?
0
Calculate the remainder when 1595 is divided by 7.
6
Calculate the remainder when 17 is divided by 9.
8
What is the remainder when 569 is divided by 15?
14
Calculate the remainder when 106 is divided by 6.
4
Calculate the remainder when 59 is divided by 21.
17
What is the remainder when 2227 is divided by 43?
34
What is the remainder when 9789 is divided by 51?
48
What is the remainder when 658 is divided by 37?
29
What is the remainder when 61 is divided by 33?
28
Calculate the remainder when 275 is divided by 104.
67
What is the remainder when 591 is divided by 267?
57
Calculate the remainder when 2491 is divided by 31.
11
What is the remainder when 3497 is divided by 175?
172
What is the remainder when 501 is divided by 46?
41
What is the remainder when 225 is divided by 46?
41
What is the remainder when 426 is divided by 176?
74
Calculate the remainder when 478 is divided by 32.
30
Calculate the remainder when 149 is divided by 15.
14
What is the remainder when 1681 is divided by 240?
1
What is the remainder when 187 is divided by 23?
3
What is the remainder when 188 is divided by 124?
64
Calculate the remainder when 406 is divided by 71.
51
What is the remainder when 116 is divided by 30?
26
Calculate the remainder when 404 is divided by 41.
35
Calculate the remainder when 1098 is divided by 56.
34
Calculate the remainder when 16831 is divided by 32.
31
What is the remainder when 944 is divided by 86?
84
What is the remainder when 930 is divided by 183?
15
Calculate the remainder when 1979 is divided by 982.
15
What is the remainder when 978 is divided by 100?
78
What is the remainder when 9504 is divided by 37?
32
Calculate the remainder when 295 is divided by 138.
19
What is the remainder when 558 is divided by 59?
27
Calculate the remainder when 314 is divided by 14.
6
Calculate the remainder when 1427 is divided by 59.
11
What is the remainder when 39 is divided by 13?
0
Calculate the remainder when 426 is divided by 231.
195
What is the remainder when 1050 is divided by 171?
24
Calculate the remainder when 87 is divided by 5.
2
Calculate the remainder when 14598 is divided by 146.
144
What is the remainder when 5866 is divided by 7?
0
What is the remainder when 26 is divided by 22?
4
What is the remainder when 1113 is divided by 549?
15
What is the remainder when 10 is divided by 7?
3
What is the remainder when 26 is divided by 10?
6
What is the remainder when 128 is divided by 67?
61
What is the remainder when 541 is divided by 276?
265
What is the remainder when 670 is divided by 61?
60
Calculate the remainder when 391 is divided by 56.
55
What is the remainder when 561 is divided by 47?
44
What is the remainder when 221 is divided by 28?
25
What is the remainder when 4529 is divided by 23?
21
Calculate the remainder when 3223 is divided by 62.
61
Calculate the remainder when 38 is divided by 27.
11
What is the remainder when 7366 is divided by 369?
355
Calculate the remainder when 647 is divided by 10.
7
Calculate the remainder when 79 is divided by 5.
4
Calculate the remainder when 1378 is divided by 444.
46
Calculate the remainder when 350 is divided by 10.
0
Calculate the remainder when 861 is divided by 3.
0
Calculate the remainder when 10430 is divided by 3471.
17
Calculate the remainder when 147 is divided by 33.
15
Calculate the remainder when 347 is divided by 44.
39
Calculate the remainder when 7 is divided by 2.
1
What is the remainder when 306 is divided by 12?
6
What is the remainder when 58 is divided by 12?
10
What is the remainder when 1220 is divided by 72?
68
What is the remainder when 1725 is divided by 6?
3
What is the remainder when 183 is divided by 26?
1
What is the remainder when 2830 is divided by 17?
8
Calculate the remainder when 1036 is divided by 115.
1
What is the remainder when 1172 is divided by 38?
32
Calculate the remainder when 4181 is divided by 348.
5
Calculate the remainder when 234 is divided by 14.
10
What is the remainder when 387 is divided by 30?
27
Calculate the remainder when 21994 is divided by 141.
139
Calculate the remainder when 947 is divided by 25.
22
Calculate the remainder when 5032 is divided by 2511.
10
Calculate the remainder when 87 is divided by 7.
3
What is the remainder when 256 is divided by 56?
32
What is the remainder when 131 is divided by 41?
8
What is the remainder when 153 is divided by 53?
47
What is the remainder when 1150 is divided by 36?
34
Calculate the remainder when 37 is divided by 20.
17
Calculate the remainder when 901 is divided by 159.
106
Calculate the remainder when 422 is divided by 33.
26
What is the remainder when 131 is divided by 41?
8
Calculate the remainder when 109 is divided by 2.
1
Calculate the remainder when 120 is divided by 109.
11
What is the remainder when 1786 is divided by 198?
4
What is the remainder when 1246 is divided by 54?
4
What is the remainder when 67 is divided by 14?
11
What is the remainder when 104 is divided by 37?
30
Calculate the remainder when 8168 is divided by 2722.
2
Calculate the remainder when 1269 is divided by 67.
63
Calculate the remainder when 426 is divided by 39.
36
What is the remainder when 1401 is divided by 83?
73
Calculate the remainder when 7872 is divided by 35.
32
What is the remainder when 1594 is divided by 94?
90
What is the remainder when 3819 is divided by 98?
95
Calculate the remainder when 621 is divided by 24.
21
Calculate the remainder when 921 is divided by 182.
11
Calculate the remainder when 103 is divided by 9.
4
Calculate the remainder when 366 is divided by 174.
18
What is the remainder when 81 is divided by 14?
11
Calculate the remainder when 107 is d